{"id":3916,"date":"2026-04-29T14:27:13","date_gmt":"2026-04-29T11:27:13","guid":{"rendered":"https:\/\/www.workoutbylaura.fi\/?post_type=product&#038;p=3916"},"modified":"2026-04-29T14:31:18","modified_gmt":"2026-04-29T11:31:18","slug":"kertakaynti-iivisniemen-soukan-treeneihin","status":"publish","type":"product","link":"https:\/\/www.workoutbylaura.fi\/index.php\/tuote\/kertakaynti-iivisniemen-soukan-treeneihin\/","title":{"rendered":"Kertak\u00e4ynti Iivisniemen &#038; Soukan treeneihin"},"content":{"rendered":"<p data-start=\"1017\" data-end=\"1082\"><strong data-start=\"1017\" data-end=\"1080\">Kertak\u00e4ynti treeneihin \u2013 joustava vaihtoehto treenaamiseen!<\/strong><\/p>\n<p data-start=\"1084\" data-end=\"1304\">Kertamaksulla voit osallistua haluamallesi tunnille ilman sitoutumista. Sopii erinomaisesti sinulle, joka haluat kokeilla uutta lajia, t\u00e4ydent\u00e4\u00e4 viikkoasi yksitt\u00e4isell\u00e4 treenill\u00e4 tai tulla silloin kun aikataulu sallii.<\/p>\n<p data-start=\"1306\" data-end=\"1458\">\ud83d\udc9b <strong data-start=\"1309\" data-end=\"1319\">Hinta:<\/strong> 12 \u20ac \/ kerta<\/p>\n<p data-start=\"1306\" data-end=\"1458\"><br data-start=\"1332\" data-end=\"1335\" \/>\ud83d\udccd Osoitteet:<\/p>\n<p data-start=\"1306\" data-end=\"1458\">Soukka, Soukankuja 5, sis\u00e4\u00e4nk\u00e4ynti B1.<br \/>\nIivisniemi, Arttelikuja 4<br \/>\nIivisniemi, Iivisniementie 1<\/p>\n<p data-start=\"1306\" data-end=\"1458\"><br data-start=\"1383\" data-end=\"1386\" \/>\ud83d\ude97 Maksuttomia pys\u00e4k\u00f6intipaikkoja koulujen edess\u00e4, metroasemat l\u00e4hell\u00e4.<\/p>\n<p data-start=\"1306\" data-end=\"1458\">\n<p data-start=\"1306\" data-end=\"1458\"><strong data-start=\"1172\" data-end=\"1187\">Maksutavat:<\/strong><br data-start=\"1187\" data-end=\"1190\" \/>* Mobiilimaksu (MobilePay, Google Pay, Apple Pay)<br \/>\n* Verkkopankki<br \/>\n* Korttimaksu<br \/>\n* OP laskulla &#8211; 45 p\u00e4iv\u00e4\u00e4 korotonta maksuaikaa<br \/>\n* OP er\u00e4maksu &#8211; maksa joustavasti tilanteesi mukaan<br \/>\n* Liikuntaeduilla k\u00e4ytt\u00f6paikkaan Workout by Laura (Epassi, Smartum, Edenred)<\/p>\n","protected":false},"excerpt":{"rendered":"<p data-start=\"1017\" data-end=\"1082\"><strong data-start=\"1017\" data-end=\"1080\">Kertak\u00e4ynti treeneihin \u2013 joustava vaihtoehto treenaamiseen!<\/strong><\/p>\n<p data-start=\"1084\" data-end=\"1304\">Kertamaksulla voit osallistua haluamallesi tunnille ilman sitoutumista. Sopii erinomaisesti sinulle, joka haluat kokeilla uutta lajia, t\u00e4ydent\u00e4\u00e4 viikkoasi yksitt\u00e4isell\u00e4 treenill\u00e4 tai tulla silloin kun aikataulu sallii.<\/p>\n<p data-start=\"1306\" data-end=\"1458\">\ud83d\udc9b <strong data-start=\"1309\" data-end=\"1319\">Hinta:<\/strong> 12 \u20ac \/ kerta<\/p>\n<p><strong data-start=\"1172\" data-end=\"1187\">Maksutavat:<\/strong><br data-start=\"1187\" data-end=\"1190\" \/>* Mobiilimaksu (MobilePay, Google Pay, Apple Pay)<br \/>\n* Verkkopankki<br \/>\n* Korttimaksu<br \/>\n* OP laskulla &#8211; 45 p\u00e4iv\u00e4\u00e4 korotonta maksuaikaa<br \/>\n* OP er\u00e4maksu &#8211; maksa joustavasti tilanteesi mukaan<br \/>\n* Liikuntaeduilla k\u00e4ytt\u00f6paikkaan Workout by Laura (Epassi, Smartum, Edenred)<\/p>\n","protected":false},"featured_media":2024,"template":"","meta":[],"product_brand":[],"product_cat":[29],"product_tag":[],"class_list":{"0":"post-3916","1":"product","2":"type-product","3":"status-publish","4":"has-post-thumbnail","6":"product_cat-kertamaksut","8":"first","9":"instock","10":"virtual","11":"taxable","12":"purchasable","13":"product-type-simple"},"_links":{"self":[{"href":"https:\/\/www.workoutbylaura.fi\/index.php\/wp-json\/wp\/v2\/product\/3916","targetHints":{"allow":["GET"]}}],"collection":[{"href":"https:\/\/www.workoutbylaura.fi\/index.php\/wp-json\/wp\/v2\/product"}],"about":[{"href":"https:\/\/www.workoutbylaura.fi\/index.php\/wp-json\/wp\/v2\/types\/product"}],"wp:featuredmedia":[{"embeddable":true,"href":"https:\/\/www.workoutbylaura.fi\/index.php\/wp-json\/wp\/v2\/media\/2024"}],"wp:attachment":[{"href":"https:\/\/www.workoutbylaura.fi\/index.php\/wp-json\/wp\/v2\/media?parent=3916"}],"wp:term":[{"taxonomy":"product_brand","embeddable":true,"href":"https:\/\/www.workoutbylaura.fi\/index.php\/wp-json\/wp\/v2\/product_brand?post=3916"},{"taxonomy":"product_cat","embeddable":true,"href":"https:\/\/www.workoutbylaura.fi\/index.php\/wp-json\/wp\/v2\/product_cat?post=3916"},{"taxonomy":"product_tag","embeddable":true,"href":"https:\/\/www.workoutbylaura.fi\/index.php\/wp-json\/wp\/v2\/product_tag?post=3916"}],"curies":[{"name":"wp","href":"https:\/\/api.w.org\/{rel}","templated":true}]}}