{"id":3465,"date":"2026-03-30T13:36:54","date_gmt":"2026-03-30T10:36:54","guid":{"rendered":"https:\/\/www.workoutbylaura.fi\/?post_type=product&#038;p=3465"},"modified":"2026-03-30T14:27:01","modified_gmt":"2026-03-30T11:27:01","slug":"workout-duo-treenaa-yhdessa-luxe-jasenen-etu-kopio","status":"publish","type":"product","link":"https:\/\/www.workoutbylaura.fi\/index.php\/tuote\/workout-duo-treenaa-yhdessa-luxe-jasenen-etu-kopio\/","title":{"rendered":"Workout Duo &#8211; treenaa yhdess\u00e4 (kampanjahinta)"},"content":{"rendered":"<div dir=\"auto\">\n<p><strong>Workout Duo &#8211; treenaa yhdess\u00e4<\/strong><\/p>\n<p>&nbsp;<\/p>\n<\/div>\n<div dir=\"auto\">\n<p>T\u00e4ydellinen valinta, jos haluat jakaa treenin ja motivaation jonkun kanssa.<\/p>\n<div dir=\"auto\">\n<p>Workout Duo on t\u00e4ydellinen tapa treenata, jos haluat motivoivan ja hauskan treenihetken yst\u00e4v\u00e4n kanssa. Treenin sis\u00e4lt\u00f6 suunnitellaan teid\u00e4n tavoitteiden ja tarpeiden mukaan. Se voi sis\u00e4lt\u00e4\u00e4 mm.:<\/p>\n<\/div>\n<div dir=\"auto\"><\/div>\n<div dir=\"auto\">\n<p>Yksil\u00f6llisi\u00e4 ja yhdess\u00e4 toteutettavia harjoitteita<\/p>\n<\/div>\n<div dir=\"auto\"><\/div>\n<div dir=\"auto\">\n<p>Liikuntarytmin ja harjoitusrytmin suunnittelua kahdelle<\/p>\n<\/div>\n<div dir=\"auto\"><\/div>\n<div dir=\"auto\">\n<p>Motivaatiokartoitusta ja sparrausta yhdess\u00e4<\/p>\n<\/div>\n<div dir=\"auto\"><\/div>\n<div dir=\"auto\">\n<p>Tapaaminen voidaan toteuttaa studiolla, ulkona tai asiakkaiden kotona pk-seudulla. Jokainen tapaaminen suunnitellaan alkukartoituksen perusteella, jotta jokainen kerta on tehokas ja motivoiva.<\/p>\n<\/div>\n<p>&nbsp;<\/p>\n<p><strong>Kampanjahinta (voimassa 17.5.2026 asti)<\/strong><br \/>\n1 x 99 \u20ac (norm. 125 \u20ac)<\/p>\n<p><em>(hinta yhteens\u00e4 \/ 2 hl\u00f6)<\/em><\/p>\n<\/div>\n<div dir=\"auto\"><\/div>\n<div dir=\"auto\">\n<p>Yksil\u00f6llinen valmennus kahdelle, jossa p\u00e4\u00e4sette jakamaan treenin ja motivaation. Sis\u00e4lt\u00f6 r\u00e4\u00e4t\u00e4l\u00f6id\u00e4\u00e4n teid\u00e4n tavoitteiden mukaan. Toteutetaan Niittykummun studiolla, ulkona tai kotona (pk-seutu).<\/p>\n<\/div>\n<div dir=\"auto\"><\/div>\n<div dir=\"auto\">\n<p><strong>Voimassaolo:<\/strong><\/p>\n<\/div>\n<div dir=\"auto\">\n<p>K\u00e4ytett\u00e4v\u00e4 31.12.2026 menness\u00e4.<\/p>\n<\/div>\n<div dir=\"auto\"><\/div>\n<p><!--more--><\/p>\n","protected":false},"excerpt":{"rendered":"<div dir=\"auto\">\n<p><strong>Workout Duo \u2013 treenaa yhdess\u00e4 kaverin kanssa.<\/strong><\/p>\n<p>&nbsp;<\/p>\n<\/div>\n<p>Yksil\u00f6llinen treeni kahdelle, jossa p\u00e4\u00e4sette jakamaan treenin ja motivaation. Sis\u00e4lt\u00f6 r\u00e4\u00e4t\u00e4l\u00f6id\u00e4\u00e4n teid\u00e4n tavoitteiden mukaan. Toteutetaan Niittykummun studiolla, ulkona tai kotona (pk-seutu).<\/p>\n<div dir=\"auto\"><\/div>\n<div dir=\"auto\">Voimassaolo: 31.12.2026.<\/div>\n<div dir=\"auto\"><\/div>\n","protected":false},"featured_media":2037,"template":"","meta":[],"product_brand":[],"product_cat":[32],"product_tag":[],"class_list":{"0":"post-3465","1":"product","2":"type-product","3":"status-publish","4":"has-post-thumbnail","6":"product_cat-coaching","8":"first","9":"instock","10":"virtual","11":"taxable","12":"purchasable","13":"product-type-simple"},"_links":{"self":[{"href":"https:\/\/www.workoutbylaura.fi\/index.php\/wp-json\/wp\/v2\/product\/3465","targetHints":{"allow":["GET"]}}],"collection":[{"href":"https:\/\/www.workoutbylaura.fi\/index.php\/wp-json\/wp\/v2\/product"}],"about":[{"href":"https:\/\/www.workoutbylaura.fi\/index.php\/wp-json\/wp\/v2\/types\/product"}],"wp:featuredmedia":[{"embeddable":true,"href":"https:\/\/www.workoutbylaura.fi\/index.php\/wp-json\/wp\/v2\/media\/2037"}],"wp:attachment":[{"href":"https:\/\/www.workoutbylaura.fi\/index.php\/wp-json\/wp\/v2\/media?parent=3465"}],"wp:term":[{"taxonomy":"product_brand","embeddable":true,"href":"https:\/\/www.workoutbylaura.fi\/index.php\/wp-json\/wp\/v2\/product_brand?post=3465"},{"taxonomy":"product_cat","embeddable":true,"href":"https:\/\/www.workoutbylaura.fi\/index.php\/wp-json\/wp\/v2\/product_cat?post=3465"},{"taxonomy":"product_tag","embeddable":true,"href":"https:\/\/www.workoutbylaura.fi\/index.php\/wp-json\/wp\/v2\/product_tag?post=3465"}],"curies":[{"name":"wp","href":"https:\/\/api.w.org\/{rel}","templated":true}]}}